{"id":577,"date":"2020-01-30T10:38:11","date_gmt":"2020-01-30T09:38:11","guid":{"rendered":"https:\/\/thegoodmood.com\/?page_id=577"},"modified":"2020-09-15T18:22:28","modified_gmt":"2020-09-15T16:22:28","slug":"sobre-los-cookies","status":"publish","type":"page","link":"https:\/\/thegoodmood.com\/eng\/sobre-los-cookies\/","title":{"rendered":"Sobre los Cookies"},"content":{"rendered":"<div data-elementor-type=\"wp-page\" data-elementor-id=\"577\" class=\"elementor elementor-577\" data-elementor-post-type=\"page\">\n\t\t\t\t\t\t<div class=\"elementor-inner\">\n\t\t\t\t<div class=\"elementor-section-wrap\">\n\t\t\t\t\t\t\t\t\t<section class=\"elementor-section elementor-top-section elementor-element elementor-element-e3f949c elementor-section-boxed elementor-section-height-default elementor-section-height-default\" data-id=\"e3f949c\" data-element_type=\"section\" data-settings=\"{&quot;jet_parallax_layout_list&quot;:[{&quot;jet_parallax_layout_image&quot;:{&quot;url&quot;:&quot;&quot;,&quot;id&quot;:&quot;&quot;,&quot;size&quot;:&quot;&quot;},&quot;_id&quot;:&quot;f9aae4b&quot;,&quot;jet_parallax_layout_image_tablet&quot;:{&quot;url&quot;:&quot;&quot;,&quot;id&quot;:&quot;&quot;,&quot;size&quot;:&quot;&quot;},&quot;jet_parallax_layout_image_mobile&quot;:{&quot;url&quot;:&quot;&quot;,&quot;id&quot;:&quot;&quot;,&quot;size&quot;:&quot;&quot;},&quot;jet_parallax_layout_speed&quot;:{&quot;unit&quot;:&quot;%&quot;,&quot;size&quot;:50,&quot;sizes&quot;:[]},&quot;jet_parallax_layout_type&quot;:&quot;scroll&quot;,&quot;jet_parallax_layout_direction&quot;:null,&quot;jet_parallax_layout_fx_direction&quot;:null,&quot;jet_parallax_layout_z_index&quot;:&quot;&quot;,&quot;jet_parallax_layout_bg_x&quot;:50,&quot;jet_parallax_layout_bg_y&quot;:50,&quot;jet_parallax_layout_bg_size&quot;:&quot;auto&quot;,&quot;jet_parallax_layout_animation_prop&quot;:&quot;transform&quot;,&quot;jet_parallax_layout_on&quot;:[&quot;desktop&quot;,&quot;tablet&quot;],&quot;jet_parallax_layout_bg_x_tablet&quot;:&quot;&quot;,&quot;jet_parallax_layout_bg_x_mobile&quot;:&quot;&quot;,&quot;jet_parallax_layout_bg_y_tablet&quot;:&quot;&quot;,&quot;jet_parallax_layout_bg_y_mobile&quot;:&quot;&quot;,&quot;jet_parallax_layout_bg_size_tablet&quot;:&quot;&quot;,&quot;jet_parallax_layout_bg_size_mobile&quot;:&quot;&quot;}]}\">\n\t\t\t\t\t\t<div class=\"elementor-container elementor-column-gap-default\">\n\t\t\t\t\t\t\t<div class=\"elementor-row\">\n\t\t\t\t\t<div class=\"elementor-column elementor-col-100 elementor-top-column elementor-element elementor-element-9157591\" data-id=\"9157591\" data-element_type=\"column\">\n\t\t\t<div class=\"elementor-column-wrap elementor-element-populated\">\n\t\t\t\t\t\t\t<div class=\"elementor-widget-wrap\">\n\t\t\t\t\t\t<div class=\"elementor-element elementor-element-874fde5 elementor-widget elementor-widget-text-editor\" data-id=\"874fde5\" data-element_type=\"widget\" data-widget_type=\"text-editor.default\">\n\t\t\t\t<div class=\"elementor-widget-container\">\n\t\t\t\t\t\t\t\t<div class=\"elementor-text-editor elementor-clearfix\">\n\t\t\t\t<h3 class=\"p1\"><span class=\"s1\"><b>SOBRE LAS COOKIES<\/b><\/span><\/h3><hr \/><h4>\u00a0<\/h4><h4 class=\"p3\"><span class=\"s1\"><b>\u00bfQu\u00e9 son las Cookies?<\/b><\/span><\/h4><p class=\"p4\"><span class=\"s1\">Una cookie es un peque\u00f1o fichero de texto que se almacena en su navegador cuando visita casi cualquier p\u00e1gina web. Su utilidad es que la web sea capaz de recordar su visita cuando vuelva a navegar por esa p\u00e1gina. Las cookies suelen almacenar informaci\u00f3n de car\u00e1cter t\u00e9cnico, preferencias personales, personalizaci\u00f3n de contenidos, estad\u00edsticas de uso, enlaces a redes sociales, acceso a cuentas de usuario, etc. El objetivo de la cookie es adaptar el contenido de la web a su perfil y necesidades, sin cookies los servicios ofrecidos por cualquier p\u00e1gina se ver\u00edan mermados notablemente. Para conocer m\u00e1s informaci\u00f3n sobre las cookies, puedes consultar la\u00a0<a href=\"http:\/\/es.wikipedia.org\/wiki\/Cookie_%2528inform%25C3%25A1tica%2529\"><span class=\"s2\">definici\u00f3n de cookies<\/span><\/a>\u00a0en Wikipedia. Puedes configurar tu navegador para ser avisado en pantalla de la recepci\u00f3n de cookies y aceptarlas o no individualmente, as\u00ed como para impedir por defecto su instalaci\u00f3n en tu disco duro.<\/span><\/p><hr \/><h4>\u00a0<\/h4><h4 class=\"p3\"><span class=\"s1\"><b>Tipos de cookies<\/b><\/span><\/h4><p class=\"p5\"><span class=\"s1\">Seg\u00fan establece la\u00a0Agencia General de Protecci\u00f3n de Datos, las siguientes son las\u00a0clases de cookies\u00a0que pueden usarse y se categorizan:<\/span><\/p><p class=\"p5\"><span class=\"s1\"><b>\u2013\u00a0Cookies\u00a0propias o de terceros:\u00a0<\/b>se trata de\u00a0cookies\u00a0propias cuando \u00e9stas se administran desde el dominio de un\u00a0webmaster\u00a0determinado, titular de las mismas, a efectos legales. Por el contrario, las\u00a0cookies\u00a0de terceros est\u00e1n gestionadas por otra entidad ajena al editor, con una finalidad anal\u00edtica o de cualquier otro tipo.<\/span><\/p><p class=\"p5\"><span class=\"s1\"><b>\u2013\u00a0Cookies\u00a0persistentes y de sesi\u00f3n:\u00a0<\/b>cuando se trata de cookies de sesi\u00f3n, la informaci\u00f3n registrada solo se utiliza durante el tiempo que el usuario navega por la p\u00e1gina web. Los marcadores persistentes se almacenan de forma continuada con el fin de acceder a ellos cuando sea necesario.<\/span><\/p><p class=\"p5\"><span class=\"s1\"><b>\u2013\u00a0Cookies\u00a0t\u00e9cnicas, de personalizaci\u00f3n, de an\u00e1lisis y publicitarias:\u00a0<\/b>siguiendo el orden indicado, las t\u00e9cnicas est\u00e1n destinadas a supervisar el tr\u00e1fico y a extraer informaci\u00f3n en t\u00e9rminos de comunicaci\u00f3n de datos. Las cookies de personalizaci\u00f3n tienen la funci\u00f3n de generar una experiencia\u00a0on page\u00a0personalizada y adaptada a su idioma, por ejemplo. An\u00e1lisis: los datos registrados sirven para conocer el comportamiento de los usuarios y establecer un perfil de visitante tipo. Finalmente, las\u00a0cookies\u00a0publicitarias aplican en la administraci\u00f3n de espacios destinados a la promoci\u00f3n de productos o servicios.<\/span><\/p><hr \/><h4>\u00a0<\/h4><h4 class=\"p3\"><span class=\"s1\"><b>Cookies utilizadas por thegoodmood.com<\/b><\/span><\/h4><p class=\"p4\"><span class=\"s1\">Siguiendo las directrices de la Agencia Espa\u00f1ola de Protecci\u00f3n de Datos, detallamos a continuaci\u00f3n las cookies espec\u00edficas que se utilizan en el sitio web t<b>hegoodmood.com<\/b>.<\/span><\/p><table class=\"t1\" cellspacing=\"0\" cellpadding=\"0\"><tbody><tr><td class=\"td1\" valign=\"middle\"><p class=\"p4\"><span class=\"s1\"><b>Cookie<\/b><\/span><\/p><\/td><td class=\"td2\" valign=\"middle\"><p class=\"p4\"><span class=\"s1\"><b>DESCRIPCI\u00d3N<\/b><\/span><\/p><\/td><td class=\"td3\" valign=\"middle\"><p class=\"p4\"><span class=\"s1\"><b>PROPIEDAD<\/b><\/span><\/p><\/td><td class=\"td4\" valign=\"middle\">\u00a0<\/td><\/tr><tr><td class=\"td5\" valign=\"middle\"><p class=\"p4\"><span class=\"s1\"><b>De sesi\u00f3n<\/b><\/span><\/p><\/td><td class=\"td6\" valign=\"middle\"><p class=\"p7\"><span class=\"s1\">Se utiliza para identificar a los usuarios registrados. Es necesaria para evitar tener que solicitar el nombre de usuario y contrase\u00f1a en cada p\u00e1gina web que acceda.<\/span><\/p><\/td><td class=\"td7\" valign=\"middle\"><p class=\"p4\"><span class=\"s1\">De origen<\/span><\/p><\/td><td class=\"td8\" valign=\"middle\"><p class=\"p7\"><span class=\"s1\">Expira al cerrar la sesi\u00f3n. No obstante, el usuario puede optar por no cerrar la sesi\u00f3n al abandonar la navegaci\u00f3n y, en ese caso, a\u00f1adimos una cookie persistente que expira al cabo de un mes.<\/span><\/p><\/td><\/tr><tr><td class=\"td9\" valign=\"middle\"><p class=\"p4\"><span class=\"s1\"><b>Youtube<\/b><\/span><\/p><\/td><td class=\"td10\" valign=\"middle\"><p class=\"p7\"><span class=\"s1\">Las cookies implementadas por Google en cualquier Sitio Web que incluya un v\u00eddeo de Youtube se usan para medir el n\u00famero y el comportamiento de los usuarios de YouTube. Las cookies se instalan solo cuando el usuario da al \u00abplay\u00bb para visualizar el correspondiente video.<\/span><\/p><\/td><td class=\"td11\" valign=\"middle\"><p class=\"p4\"><span class=\"s1\">De terceros<\/span><\/p><\/td><td class=\"td12\" valign=\"middle\"><p class=\"p7\"><span class=\"s1\">Google controla el tiempo de expiraci\u00f3n de estas cookies. Algunas expiran al acabar la sesi\u00f3n y otras pueden durar hasta diez a\u00f1os.<\/span><\/p><\/td><\/tr><\/tbody><\/table><hr \/><h4>\u00a0<\/h4><h4 class=\"p3\"><span class=\"s1\"><b>Desactivaci\u00f3n o Eliminaci\u00f3n de Cookies<\/b><\/span><\/h4><p class=\"p4\"><span class=\"s1\">En cualquier momento podr\u00e1 ejercer su derecho de desactivaci\u00f3n o eliminaci\u00f3n de cookies de este sitio web mediante distintas v\u00edas:<\/span><\/p><p class=\"p4\"><span class=\"s1\"><b>La configuraci\u00f3n del navegador<\/b>:<\/span><\/p><ul class=\"ul1\"><li class=\"li8\"><span class=\"s1\">Firefox,\u00a0<a href=\"https:\/\/support.mozilla.org\/es\/kb\/habilitar-y-deshabilitar-cookies-que-los-sitios-we?redirectlocale=es&amp;redirectslug=Habilitar+y+deshabilitar+cookies\"><span class=\"s2\">pulsa este enlace<\/span><\/a>\u00a0para habilitar o deshabilitar las cookies.<\/span><\/li><li class=\"li8\"><span class=\"s1\">Chrome,\u00a0<a href=\"http:\/\/support.google.com\/chrome\/bin\/answer.py?hl=es&amp;answer=95647\"><span class=\"s2\">pulsa este enlace<\/span><\/a>\u00a0para habilitar o deshabilitar las cookies.<\/span><\/li><li class=\"li8\"><span class=\"s1\">Safari,\u00a0<a href=\"http:\/\/support.apple.com\/kb\/ph5042\"><span class=\"s2\">pulsa este enlace<\/span><\/a>\u00a0para habilitar o deshabilitar las cookies.<\/span><\/li><li class=\"li8\"><span class=\"s1\">Internet Explorer,\u00a0<a href=\"https:\/\/support.microsoft.com\/es-es\/help\/17442\/windows-internet-explorer-delete-manage-cookies\"><span class=\"s2\">pulsa este enlace<\/span><\/a>\u00a0para habilitar o deshabilitar las cookies.<\/span><\/li><\/ul><p><b>Otras herramientas de terceros<\/b>:<\/p><ul class=\"ul1\"><li class=\"li8\"><span class=\"s1\">Herramientas online que permiten a los usuarios detectar las cookies en cada sitio web que visita y gestionar su desactivaci\u00f3n.<\/span><\/li><\/ul><p class=\"p4\"><span class=\"s1\">Google ha desarrollado el\u00a0<a href=\"https:\/\/tools.google.com\/dlpage\/gaoptout\"><span class=\"s2\">Complemento de inhabilitaci\u00f3n<\/span><\/a>\u00a0para navegadores de Google Analytics para que los visitantes del sitio web tengan la posibilidad de evitar que utilice sus datos.<\/span><\/p><h4>\u00a0<\/h4><hr \/><h4>\u00a0<\/h4><h4 class=\"p3\"><span class=\"s1\"><b>Notas de Inter\u00e9s<\/b><\/span><\/h4><p class=\"p4\"><span class=\"s1\"><b>The Good Mood<\/b>\u00a0no se hace responsable ni del contenido ni de la veracidad de las pol\u00edticas de privacidad que puedan tener los terceros mencionados en esta pol\u00edtica de cookies. Los navegadores web son las herramientas encargadas de almacenar las cookies y desde este lugar debe efectuar su derecho a eliminaci\u00f3n o desactivaci\u00f3n de las mismas.<\/span><\/p><p class=\"p4\"><span class=\"s1\">Puede remitir cualquier consulta acerca de esta pol\u00edtica de cookies a trav\u00e9s del e-mail: <a href=\"https:\/\/\/eng\/&\/#47;&#x2f;t&#104;&#x65;g&#111;&#x6f;d&#109;&#x6f;o&#100;&#x2e;&#99;&#x6f;&#x6d;&#47;&#x67;&#x6f;&#111;&#x64;m&#111;&#x6f;d&#64;&#x74;h&#101;&#x67;o&#111;&#x64;&#109;&#x6f;&#x6f;&#100;&#x2e;&#x63;&#111;&#x6d;\"><span class=\"s2\">&#x67;&#x6f;&#111;&#100;&#109;o&#x6f;&#x64;&#x40;&#116;&#104;eg&#x6f;&#x6f;&#x64;&#109;&#111;o&#x64;&#x2e;&#x63;&#111;&#109;<\/span><\/a><\/span><\/p>\t\t\t\t\t<\/div>\n\t\t\t\t\t\t<\/div>\n\t\t\t\t<\/div>\n\t\t\t\t\t\t<\/div>\n\t\t\t\t\t<\/div>\n\t\t<\/div>\n\t\t\t\t\t\t\t\t<\/div>\n\t\t\t\t\t<\/div>\n\t\t<\/section>\n\t\t\t\t\t\t\t\t\t<\/div>\n\t\t\t<\/div>\n\t\t\t\t\t<\/div>","protected":false},"excerpt":{"rendered":"<p>SOBRE LAS COOKIES &nbsp; \u00bfQu\u00e9 son las Cookies? Una cookie es un peque\u00f1o fichero de texto que se almacena en su navegador cuando visita casi cualquier p\u00e1gina web. Su utilidad es que la web sea capaz de recordar su visita cuando vuelva a navegar por esa p\u00e1gina. Las cookies suelen almacenar informaci\u00f3n de car\u00e1cter t\u00e9cnico, [&hellip;]<\/p>","protected":false},"author":1,"featured_media":0,"parent":0,"menu_order":0,"comment_status":"closed","ping_status":"closed","template":"elementor_header_footer","meta":[],"aioseo_notices":[],"_links":{"self":[{"href":"https:\/\/thegoodmood.com\/eng\/wp-json\/wp\/v2\/pages\/577"}],"collection":[{"href":"https:\/\/thegoodmood.com\/eng\/wp-json\/wp\/v2\/pages"}],"about":[{"href":"https:\/\/thegoodmood.com\/eng\/wp-json\/wp\/v2\/types\/page"}],"author":[{"embeddable":true,"href":"https:\/\/thegoodmood.com\/eng\/wp-json\/wp\/v2\/users\/1"}],"replies":[{"embeddable":true,"href":"https:\/\/thegoodmood.com\/eng\/wp-json\/wp\/v2\/comments?post=577"}],"version-history":[{"count":15,"href":"https:\/\/thegoodmood.com\/eng\/wp-json\/wp\/v2\/pages\/577\/revisions"}],"predecessor-version":[{"id":6726,"href":"https:\/\/thegoodmood.com\/eng\/wp-json\/wp\/v2\/pages\/577\/revisions\/6726"}],"wp:attachment":[{"href":"https:\/\/thegoodmood.com\/eng\/wp-json\/wp\/v2\/media?parent=577"}],"curies":[{"name":"wp","href":"https:\/\/api.w.org\/{rel}","templated":true}]}}